
8
-6 - ((5 - -15) + -15)
-11
Evaluate 6 + 1 + 7 + -16 + 3.
1
(5 + 2 - 3) + (-19 - -28 - -8)
21
What is -4 + (1 + -3 - (-11 + 12)) + 9?
2
What is the value of 12 + -1 - (-45 - -39 - -43)?
-26
-74 + -3 + 70 - (-2 - -4 - -1)
-10
Calculate -1 + -3 - ((-16 - -7) + 10 + -5).
0
What is -9 + -2 + -6 - -3?
-14
What is -4 + (3 - 3) + (5 - 1 - -2)?
2
What is (3 - 31) + -4 + 24?
-8
What is 18 + (16 - 27) + 5?
12
What is -7 + ((14 - (-4 + -4)) + -1 - 2)?
12
What is the value of 0 - (-5 + (8 - (4 - 2)) + -6)?
5
What is the value of (-37 - -15) + 20 - -8?
6
Evaluate -1 + 6 + -2 + (-4 - -11).
10
Calculate (-1 - -6 - (47 + -47)) + -11 + 7.
1
What is the value of 224 + -235 - (12 + 1 - (3 - -1))?
-20
What is (-4 - (4 - 4 - -1 - 12)) + -3?
4
What is the value of (-20 - -4) + 2 + 15?
1
What is 11 + (21 - (6 - -4)) + -5?
17
Calculate 6 + 1 + -5 + 27 + -18.
11
What is the value of -16 + (7 + -5 - -4)?
-10
6 - (-15 + 8 + 7)
6
(-22 - -25) + -1 + (7 + -1 - 0)
8
What is the value of (27 - 26) + -32 + -3 + 7?
-27
-27 - (-19 - (11 + -9))
-6
-8 + (-7 - -26) + (-2 - 1) + -3
5
What is 1 + -1 + 11 - (46 - 40) - 5?
0
What is -14 + (-2 + 5 - 0)?
-11
-5 + 0 + (74 - 62)
7
What is 314 - 321 - (-4 - (2 - 3) - 6)?
2
What is 35 - (21 + -44 - -47)?
11
(4 - (0 - 1)) + -23 - -4
-14
Evaluate -12 + -3 - (55 + -67).
-3
Evaluate -1 - 33 - (-5 - -33 - 44).
-18
Evaluate 28 + -11 + 6 - (4 - (-7 - 1)).
11
What is the value of 3 - (0 + (8 - 12 - -8))?
-1
Evaluate 40 + -39 - 29 - -44.
16
What is 11 - (18 + 1 + -6)?
-2
8 + (-1 - (-2 - (-6 + 0) - 10))
13
What is (13 - (27 + -10 - 15)) + -12?
-1
-14 - (-23 + (7 - -9)) - (3 + -3)
-7
What is the value of (8 - 32) + 35 - 32?
-21
What is the value of 63 + (-9 - 22) + -39?
-7
What is the value of -2 + (-1 + 1 - (-73 + 77)) - 8?
-14
What is the value of 0 + -1 - ((6 - (6 - -3)) + 3)?
-1
Evaluate 6 - (-4 - 2 - -16).
-4
What is 6 + (15 - 10) + -25?
-14
Evaluate -3 + (-1 - (-9 + 0) - 9).
-4
Calculate (14 - 9) + -10 - 8.
-13
What is (1 - 1 - -8) + 2 + -25?
-15
Evaluate (-5 - 1) + (1 - (4 + 1 - 3)).
-7
9 + 10 + -2 + -5 + -6 + 7
13
What is the value of (28 - 5) + 1 + -6?
18
5 + -15 + 6 + 0
-4
Calculate (12 - 29) + 14 + -17.
-20
Evaluate ((-8 - -10) + 1 + 2 - 0) + 2.
7
-40 - (-73 + 41 + 29)
-37
What is 0 - 17 - ((2 - -5) + -3)?
-21
36 - (-15 - (-17 - -11)) - 6
39
Calculate -16 - (-23 + 53 + -50).
4
21 + (6 - -16) + -28
15
Calculate -34 - -4 - (-32 - -77 - 37).
-38
What is ((7 - 12) + 2 - (1 - -4)) + 7?
-1
-3 - -4 - (-21 - -27)
-5
What is the value of -67 + (-33 + 43 - -26)?
-31
Calculate 15 + (1 - (8 - 1)).
9
What is the value of -12 + 18 + -12 + 28?
22
What is 3 + -1 + 3 - (-2 + 2 + -1)?
6
17 + (-50 - (19 + -35)) + 2 + 1
-14
Calculate 38 - (15 + 0 - -18).
5
Calculate 3 + 0 - (-19 - (4 + -26)).
0
What is the value of 20 + (9 - 38) - 13?
-22
1 + -6 - (3 + -11)
3
What is (2 - (19 + -13)) + 6?
2
What is the value of ((-8 - -1) + 17 - 4) + -13?
-7
Evaluate 20 - (-5 - -5 - -1 - (-1 - 0)).
18
What is 12 - (-12 + (0 - -23))?
1
What is the value of -1 - (-10 + 2 + (-21 - -12))?
16
What is the value of -38 - -13 - -20 - (2 + 4)?
-11
What is 20 + (24 - (22 + 6))?
16
What is 0 - 9 - -53 - 27?
17
-3 + 1 + -29 + 32
1
What is 2 + 10 - (12 + -19 + 2)?
17
Calculate (0 + 4 - 0) + (8 - 1).
11
What is 0 + 7 + -5 + -7 + 1?
-4
Evaluate -10 - (2 - -9 - 9) - (2 - -1).
-15
Evaluate 0 + -1 - (193 + -203).
9
What is 0 + (-3 - 15) + 9 + 1?
-8
What is the value of -11 + 14 + 5 - -2?
10
100 + -93 - (-7 - 4)
18
What is the value of -36 + -17 + 12 + 34?
-7
9 + -2 + (12 + 26 - 21)
24
1 - (14 - 8 - -1) - (1 + -5)
-2
Calculate -10 + (-4 - 8) + 8 + -10.
-24
Evaluate 23 + -12 + -9 - (-3 - -37).
-32
(3 - 2) + (10 - 3 - (-1 - -5))
4
What is the value of (0 - -12) + (10 - 10)?
12
Evaluate (-99 - -102) + (-5 + 6 - 26).
-22
-12 + -14 + 24 + (-5 - -25)
18
Calculate 15 - (-10 - (-55 - (-19 - -10))).
-21
What is 49 + -81 + 52 + (2 + -1 - 5)?
16
Calculate 7 + 0 + (5 - (0 - -11)) + 10.
11
Evaluate (-74 - -75) + -22 + 0 + 2 + -3.
-22
Evaluate 0 + 2 + (10 - 1) + 5 - 6.
10
Evaluate 8 - -9 - (1 - (-2 + 2 - -8)).
24
What is the value of 18 - (12 - ((-4 - (4 + -3)) + 12))?
13
What is 32 + (-26 - -26) + -24?
8
What is the value of (60 - (8 - (1 - 5))) + -13?
35
What is 12 + (0 - (0 + 0)) - (240 + -243)?
15
Evaluate 4 + (5 + 23 - 7).
25
Evaluate -30 + -14 - -20 - -22.
-2
What is 10 + (13 + -25 - -5) - 0?
3
Calculate (4 + -6 - -4 - 4) + -5 + -1.
-8
Evaluate -153 + 141 + (-4 - -12).
-4
Calculate (41 - 45) + (-8 - (-22 - 8)).
18
What is (25 - -7) + (-7 + 2 + 9 - 13)?
23
(92 - -9 - 42) + -27
32
6 - (30 + -40 - -22)
-6
Calculate 0 - (1 + -12 + 22 + 2).
-13
What is the value of (-22 - -16 - (-7 + 6 + -5)) + 15?
15
5 - ((23 - 3) + 15 + -15) - 6
-21
What is (-65 + 62 - (2 - 4)) + -11?
-12
Calculate 8 - 18 - -36 - 9.
17
Calculate -3 + -44 + 10 + 16.
-21
What is -2 - (6 + (17 - 11 - -14))?
-28
Calculate 29 - 25 - -31 - 76.
-41
Calculate 29 + (-28 - -13 - (-4 - 13)).
31
What is the value of -11 + 1 - (-38 - -17 - -7)?
4
What is -13 + (-47 - -58) + (19 - 1)?
16
What is (21 - (112 + -76)) + (9 - (-1 + 1))?
-6
What is 0 + (-3 + (-5 - -8) - -8)?
8
What is the value of (-24 - -11 - -11) + (-3 - -6)?
1
1 + (2 - 0) - (43 - (68 + -30))
-2
What is the value of (216 + -209 - (11 + 1 + 1)) + -8?
-14
What is 27 - 42 - -24 - 32?
-23
1 + 3 + 4 - (228 + -234)
14
What is the value of 22 - (-30 + 2 + 76)?
-26
What is 17 + (-17 - 21) + 14?
-7
Evaluate (1 - (-10 - 1) - 48) + (1 - -5).
-30
Evaluate 1 + 6 + (-5 + 23 + -7 - 11).
7
What is the value of 4 - (31 + -14 + -1)?
-12
Calculate -1 + -5 - (-27 - -5).
16
What is -5 + (1 - 1 - 20)?
-25
-9 - -17 - ((2 - 9) + 12 - 17)
20
(-39 - -5) + (11 - -3)
-20
Calculate -73 + 56 - (7 + 7 + -1).
-30
Calculate 1 + -2 - ((-14 - -12 - 11) + 42).
-30
What is -8 + 28 + -11 - -13?
22
1 - -28 - (-64 + 72)
21
What is the value of -4 - (4 - (0 - (-4 + -11)))?
7
What is the value of 11 + (1 - (-1 + 11 - 1)) + 6?
9
-1 - (-3 + 4) - (17 - 14 - 12)
7
16 + -34 - (0 - 0 - 8)
-10
Evaluate 3 - 5 - (25 - (40 + 18)).
31
4 + -10 + 5 - (1 - -3)
-5
Calculate -33 + 3 + 6 + 12.
-12
-11 + 0 + (12 - (-29 - (1 - 12)))
19
-13 - (-11 + (-5 - 6))
9
Calculate 7 + (-5 - -6) + -18.
-10
Evaluate -3 - 1 - (11 - 21 - (-13 + 1)).
-6
What is -8 - (-15 + 2) - 20?
-15
Evaluate (1 + 15 - 6) + 6 + -37.
-21
What is 7 + (-10 + 7 + 3 + -22 - -7)?
-8
What is the value of 2 + (0 - 2) + 26 + -17?
9
What is the value of -4 + 1 - 11 - (107 + -98)?
-23
Calculate -7 + (-2 - -4) - (-36 - (-12 + -17)).
2
What is the value of 266 + -297 - (1 - 18) - 9?
-23
41 + -1 - (-68 - -101)
7
Evaluate 20 + -19 + (9 - 1).
9
Evaluate -12 + 8 - (-14 - 2) - 11.
1
Evaluate -22 - -8 - (-2 - 10).
-2
Evaluate 22 + -35 - (0 + 3 - 2).
-14
Calculate (13 - 3 - (-58 - -47)) + -10.
11
Evaluate -4 + (-2 - -11 - (-2 + -4 - -9)).
2
(0 - 0) + 14 + -20 + -8
-14
Evaluate (-21 + -7 + 22 - 29) + 9.
-26
Evaluate (5 - (18 - (17 + -15))) + -15.
-26
Calculate -6 + -2 + (54 - 36) + 20.
30
Calculate 2 - (2 - (0 - 0)) - (905 - 892).
-13
(15 - 3) + (-3 - (0 - 10))
19
Calculate -2 + (1 - 25) + 97 + -92 + 7.
-14
What is the value of -235 + 239 + (11 - 0) + 0?
15
What is 0 + (0 - -2) + 7 - (240 - 252)?
21
Calculate 8 + 10 + -4 + -46.
-32
Evaluate -5 + (0 - -1) + (-35 - (-74 + 37)).
-2
What is 47 - (32 - (21 + 1))?
37
Evaluate -2 + -2 - (5 + -2 + -39 + 13).
19
Calculate -1 + 8 - (24 + 9 + -21 + 11).
-16
What is the value of (-8 - -3) + (6 - 3) + 12 + -11?
-1
What is the value of 36 + -19 - (-8 - -27)?
-2
Evaluate -30 + 37 + -25 + 26.
8
What is -2 + -37 + (-16 - -39)?
-16
Evaluate -27 - (10 - 24) - -23.
10
What is 93 - 71 - (27 - 4)?
-1
12 + -20 - ((-17 - 5) + 4)
10
What is the value of -70 - (-4 - 15 - 25)?
-26
Evaluate 14 - -1 - (-4 - 3 - -13).
9
Evaluate 24 + 0 + -31 - -25.
18
What is the value of 12 + -19 - 1 - 4?
-12
What is the value of -19 - (-9 - (-5 + (-8 - -7) + 3))?
-13
2 - 4 - (13 + (-16 - -11))
-10
-36 + 35 + -8 + 17
8
What is the value of 0 - 1 - (-6 + (-15 - -27))?
-7
What is the value of (11 - 9) + -17 + 0 + 34?
19
What is (-1 + 17 - 8) + -6?
2
What is the value of 0 - 11 - -9 - -11?
9
46 + (-6 - (11 + -7)) + -1
35
-5 + (-1 - 0) - (-31 + 35 - 2)
-8
Evaluate -21 - (-5 - 17 - -23).
-22
Evaluate 15 + 0 - 7 - ((-10 - -8) + 23).
-13
What is the value of -13 - (-12 + 5 + -9 + 18)?
-15
16 + -8